s of i?
2, 7
Suppose 0*r - 3*r = 0. Suppose -3*q + 5*t = -0*q - 14, r = -4*q + 2*t + 42. List the prime factors of q.
13
What are the prime factors of 4 + 6 + -6 - -25?
29
Let i be 8/10*(-20)/(-8). Suppose 0 = -4*j - 4, -j + 2 = -z + 3. List the prime factors of -19*(i/(-2) + z).
19
Suppose -4*w - 2*c = -9*w + 706, 0 = -4*w - c + 570. What are the prime factors of w?
2, 71
List the prime factors of ((-4)/3)/(12/(-1494)).
2, 83
Suppose -6*v = -666 - 792. List the prime factors of v.
3
Suppose 5*g - 667 = -0*g - 3*x, 0 = 2*x - 8. List the prime factors of g.
131
Suppose 3*u + u - 124 = 0. What are the prime factors of u?
31
Suppose -3 - 3 = -3*p. Suppose 0 = -3*w - 4*z + p*z + 90, 4*w = z + 120. What are the prime factors of w?
2, 3, 5
Let j(x) be the third derivative of 5*x**4/4 - x**3/6 - 4*x**2. What are the prime factors of j(1)?
29
Let x = -32 - -51. Suppose v - 4 = -2*l, -3*l + v + x = 3. What are the prime factors of l/6*(-3 + 24)?
2, 7
Suppose -5*h - 5*z + 140 = 0, 0*z + 2 = 2*z. Suppose 2*v - 18 = 3*j, -3*v + 0*v = -j - h. List the prime factors of v.
3
Suppose 6*g - 2*g - 28 = 4*d, 3*d + 26 = -2*g. Let r = d + 8. Suppose -i = -2*f - 0*f + 23, r = -f + 2*i + 19. What are the prime factors of f?
3
Suppose -z = -34 + 10. Suppose 31 = -3*k + 4. Let g = z + k. List the prime factors of g.
3, 5
Let y = 3 + -1. Let g = y - -8. List the prime factors of g.
2, 5
Suppose 3*m = 4*l + 117, -4*l + 3*m = -m + 120. What are the prime factors of -3 + (-5)/(15/l)?
2, 3
Let g be 18 - (-2 + 4 + -1). List the prime factors of g + (-4)/(2 - -2).
2
What are the prime factors of 8 + 0 + 7 + -3?
2, 3
What are the prime factors of (32/40)/(10/1325)?
2, 53
Let r = -65 - -169. List the prime factors of (-2)/(-9) + r/18.
2, 3
Suppose 5 = 3*x - x + 5*r, 5*x - 24 = -r. Suppose 0 = -9*i + 4*i + 15. Let h = x - i. List the prime factors of h.
2
Suppose -5 = q - 1. Let g(w) = -w + 3. List the prime factors of g(q).
7
Let m(w) = 12*w**2 + 4*w - 1. What are the prime factors of m(-3)?
5, 19
Let g(c) = 9*c**3 - 2*c - 1. Let a be g(-1). Let w = 12 + a. List the prime factors of w.
2
Let f = -67 - -135. What are the prime factors of f?
2, 17
Let u(d) = d**3 - 3*d**2 + 4*d - 1. Suppose 5*w - 11 = 9. List the prime factors of u(w).
31
Let o(m) = -m**3 - m**2 + m + 1. What are the prime factors of o(-3)?
2
Let q(y) = -4*y + 2. List the prime factors of q(-10).
2, 3, 7
Let b(d) = -d**2 - 10*d + 1. Let v be -6*-2*2/(-3). What are the prime factors of b(v)?
17
Let w(a) = 3*a + 0*a + 3 + 3*a + 12*a**2 - 4*a + a**3. Let n be w(-12). List the prime factors of (-258)/n - (-6)/(-21).
2, 3
Let j(y) = y**2 - y - 18. What are the prime factors of j(-8)?
2, 3
Suppose 4*n = 1 + 7, 2*u + 5*n = 74. List the prime factors of u.
2
Suppose 3*m - 124 = 89. Let h = -41 + m. Suppose 38 = 3*x + 5*g, -h = -4*x + 2*g + 12. What are the prime factors of x?
11
Suppose -25 = 5*m, -2*z + 4*m = -z - 15. List the prime factors of (37/(-3))/(z/15).
37
Suppose -6*t + t - 3*s + 13 = 0, 2*s - 2 = 0. What are the prime factors of t?
2
Let u = 9 + -10. Suppose 8 = -2*z - 16. What are the prime factors of u - -1 - (z - -1)?
11
Suppose 4*l - 59 = 41. List the prime factors of l.
5
Let z(a) = 29*a**2 + 6*a - 3. Let v be z(2). Suppose 0 = 3*n - 2*i - v, 2*i + 165 = 4*n + i. List the prime factors of n.
41
Let x be 24/(-18)*3/(-2). Suppose x*w + 27 = 71. List the prime factors of w.
2, 11
Suppose -2*i = 14 + 8. Let r = -2 - i. Let z = r - 0. What are the prime factors of z?
3
Let v(a) = 2*a**2 - 5*a - 7. Let c be -1 - -1 - (-1 - 1). Suppose c*m + m = 15. List the prime factors of v(m).
2, 3
Suppose 10*b - 513 = 7*b. What are the prime factors of b?
3, 19
Let m = 48 - 32. Suppose -m = -d - 3*d. Suppose 3*o - d*o + 13 = 2*t, 4*t = -o + 19. List the prime factors of o.
7
List the prime factors of 3*(4 + (-40)/(-3)).
2, 13
Let s(m) = -1 - 5*m**2 - 2*m + 11*m**2 + 2*m**2 - 3*m**2. List the prime factors of s(-2).
23
Suppose 0 = -7*j + 9*j - 8. Suppose t = -5*y - 4*t + 205, -5*y - t + 221 = 0. Suppose -n + y = j*n. What are the prime factors of n?
3
Suppose 0 = -2*j + 4*j - 98. List the prime factors of j.
7
Let j = -3 + 5. Let l = j + 6. List the prime factors of l.
2
Let h = 4 - 12. Suppose 4*y - 7*v + 3*v = 60, -4*v + 5 = y. Let t = h + y. What are the prime factors of t?
5
Suppose -40 = -2*k - 14. Let o = k - 4. What are the prime factors of o?
3
Let y(j) = 2*j + 7. Let d be y(-4). List the prime factors of -1*-22*(d + 2).
2, 11
Let b(x) be the second derivative of -x**5/20 - 2*x**4/3 - 4*x**3/3 - x**2 + x. What are the prime factors of b(-7)?
5
Suppose 10 = 2*y - 4. What are the prime factors of y?
7
Let l = 6 + 23. List the prime factors of l.
29
Suppose -4*h - 1 = -13. Suppose -h*r - 2 = -5*r. Suppose -5*u + 5*d - r = -2*u, -u - 4*d = -11. What are the prime factors of u?
3
Suppose 3*w - 7 = 2*w. Let g(z) be the third derivative of z**4/24 - 2*z**3/3 - 2*z**2. List the prime factors of g(w).
3
Suppose 132 + 103 = 5*k. Suppose 0 = -m + 3 + k. Suppose -m = -6*c + c. List the prime factors of c.
2, 5
Suppose 10 = -6*q + q. Let k = 5 + q. Suppose -m - 1 = -g - k, -5*m + 46 = 4*g. What are the prime factors of m?
2, 3
Suppose 0 = 5*q - 1 - 14. Suppose -q*s + 72 = -0*s. What are the prime factors of s?
2, 3
Let d(j) = -j**2 + 6*j. Let a be d(5). Suppose -24 = -3*q + a*q. Let y = 17 + q. List the prime factors of y.
5
Suppose -4*g = 2*z - 6, 0*z - g - 9 = -3*z. Suppose 4*d + 2*y - z*y = 13, -2*y - 12 = -d. List the prime factors of 1/(-2) - (-15)/d.
7
Let m(g) = 2*g**2 - 3. Suppose -3*n + 6 = -2*x + 5, 3*n = -3*x - 9. Let a(p) = 2*p**2 + 2*p - 1. Let s be a(x). What are the prime factors of m(s)?
3, 5
Suppose s - 3*c = -1, 3*s = -0*s - 5*c - 17. Let g = s - -8. List the prime factors of g.
2
Suppose -5*c = -2*h + 39, -3*c - 37 = -2*h - 0*h. What are the prime factors of h?
17
Let k(n) = n**2 + 6*n - 4. Let t be k(-8). Let z = 25 - t. What are the prime factors of z?
13
Let n be ((-429)/(-22))/(6/(-8)). Let k = n + 50. List the prime factors of k.
2, 3
Let r = 6 + -2. Suppose 4*w - w - 28 = 5*a, -5*a - 20 = 5*w. Let q = r + w. What are the prime factors of q?
5
Suppose a = 7 + 49. Suppose 7*y - a = 3*y. List the prime factors of y.
2, 7
Suppose -2*v + 387 + 117 = 0. List the prime factors of v.
2, 3, 7
Let u(i) = -i**3 + 11*i**2 + i. What are the prime factors of u(11)?
11
Suppose 3*t + 5*w = 8, -5*t + 20 = -2*w + 7*w. Let b be 0 + (-3)/(6/(-4)). Suppose -2*n + t = c, 4*n + 3*c = b + 10. List the prime factors of n.
3
Suppose 2*w = -5*x + 23, 4*w + 0*w - 28 = -4*x. Suppose -w + 0 = 2*l. What are the prime factors of -2 + 2 - l*3?
2, 3
Suppose -5*v + 57 = -4*i + i, 4*i = 4*v - 44. Suppose 3*a = 2*u + 33, -4*a - 5*u + 9 + v = 0. Suppose 7 = 2*g - a. List the prime factors of g.
2
Suppose 0 = -5*i - 0*i + 10. Suppose 5*c - 3*v - 25 = 0, c + 3*v = i*c - 5. List the prime factors of c.
5
Suppose -15 = -3*c - x, -7*x = 5*c - 4*x - 29. Suppose 2*d - 80 = -c*q, -2*d - 5*q - 21 + 99 = 0. What are the prime factors of d?
2, 11
Suppose 12 - 2 = 2*u. Suppose 16 = -2*m + t + t, 36 = -4*m + u*t. What are the prime factors of (m + -2)/((-18)/48)?
2
Let a(p) = -2*p**2 + 7*p + 1. Let s be a(6). Let d be s/(-2) - 6/(-12). Suppose -3*y + 8*y - d = 0. What are the prime factors of y?
3
What are the prime factors of (5 + 37/(-3))*(-9)/2?
3, 11
Let k(u) = -u + 6. Let b be k(8). What are the prime factors of b*14/(-4)*3?
3, 7
Let z(l) be the first derivative of l**3/3 - 5*l**2 + 3*l - 1. What are the prime factors of z(11)?
2, 7
Let v be -2 + 4 - (-4 - -1). Suppose -r = -4*b - 16, 1 = -2*b - 5. Suppose 5*f - 52 = -y, -r*f + 0*y = -v*y - 59. List the prime factors of f.
11
Suppose -3*o - w + 125 = w, 0 = 4*o + 4*w - 172. List the prime factors of o.
3, 13
Let a = -15 - -31. Suppose 4*q = 8 + a. What are the prime factors of q?
2, 3
Suppose -5*g = 11 + 14. Let j(w) = w**2 + 5*w + 3. List the prime factors of j(g).
3
Let k(w) = -16*w - 1. Let v be k(-9). Suppose -3*s = 53 - v. List the prime factors of s.
2, 3, 5
Let i be (1 - 2)/(1/21). Let h = -13 - i. What are the prime factors of h?
2
Let s(g) = 9*g**2 + 4*g + 1. What are the prime factors of s(-1)?
2, 3
Let w(g) = 3*g**3 - 2*g**2 + 4*g - 3. List the prime factors of w(2).
3, 7
Let u(c) = 